(-1 - 4/(-2)). Suppose -12*g + 5*g = -2912. Suppose -4*m - 64 = -g. Calculate the greatest common divisor of m and w.
11
Let m(f) = -5*f**2 - 56*f - 25. Let y be m(-9). What is the greatest common divisor of y and 481?
37
Let s be (8/(-10))/((-4)/20). Let t be 3/s + (-3)/(-12). Let a be ((-3)/6 - 0)*20/(-2). Calculate the greatest common factor of t and a.
1
Let s be 1/(-1) - (-72 + 12). Let a = s - 35. What is the greatest common divisor of a and 36?
12
Suppose -21 = -3*y - 3*c, 0 = -3*c - 3. Suppose -b + 3 = -y. Let s = 43 - -12. Calculate the highest common divisor of s and b.
11
Let y be 4*(10/8 - 1). Let p be 10/(10 - 20) + (134 - y). Calculate the greatest common factor of 12 and p.
12
Let y(f) = f**3 - 8*f**2 - 29*f - 24. Let d be y(11). Calculate the highest common factor of d and 220.
20
Suppose -23*n + 24*n - 349 = -5*h, 2*n + 337 = 5*h. What is the highest common factor of h and 3?
3
Let q(r) = 2*r**2 - 13*r - 4. Let u be q(7). Let x = -25 - -47. Let h = x + -16. Calculate the greatest common divisor of h and u.
3
Suppose 370*f - 363*f - 14 = 0. What is the greatest common factor of f and 1?
1
Suppose 13*s - 14*s + 10 = 0. Suppose s*i = 11*i - 5. Calculate the greatest common factor of 55 and i.
5
Let p(y) = -9*y - 12. Let u be p(-4). Let z be ((-20)/(-3))/(-3 - (-76)/u). What is the highest common factor of z and 16?
8
Let m be 3648/168 + 4/14. What is the greatest common factor of m and 418?
22
Let t = 348 + -340. Calculate the greatest common factor of 56 and t.
8
Let n(d) = 4*d + 14*d - 3 - d**2 + 2 - 4. Let m be n(17). Suppose 4*i - 38 = -5*h, -i = -3*h + 2*i + m. What is the highest common factor of h and 4?
2
Suppose 1 = -4*m + 53. Let l = m - -20. What is the greatest common divisor of 22 and l?
11
Suppose -4*k = 2*i + 602, 5*i + 258 + 190 = -3*k. Let u = k + 168. Let v be (-831)/(-7) + 2/7. Calculate the highest common divisor of u and v.
17
Suppose 64 = c + p, -4*c + 6*p = 7*p - 259. What is the highest common divisor of c and 559?
13
Let d be 6/(-8) + (110/8)/5. Suppose -9 + 5 = 4*s. Let k be s + 4 + (d - -27). What is the highest common divisor of 8 and k?
8
Suppose 0 = -2*s + 3*n + n + 34, 95 = 3*s + 5*n. Suppose -4*c - v + 38 = -40, -c + s = 3*v. What is the greatest common divisor of 57 and c?
19
Suppose 2616 = 5*g + 681. Let k(y) = -6*y**3 + 3*y + 1. Let l be k(-2). What is the greatest common factor of l and g?
43
Let g(d) = 4*d + 5 - 2*d - d**2 - d + 0*d. Let s be g(0). Suppose 3*a - 214 = -3*r + a, s*r + 2*a = 358. Calculate the greatest common divisor of r and 8.
8
Let i = 55 - -1. Let f(p) = -p**2 - 14*p - 7. Let d be f(-9). Suppose -84 = 26*o - d*o. What is the highest common factor of o and i?
7
Suppose 4*g = 19 - 3. Suppose -2*v + 110 = g*a, -a + 27 = 3*v - 2*v. Let n = -11 + 25. Calculate the greatest common divisor of a and n.
14
Let i be 5/(-10) + (-2)/(-4). Suppose 10*c - 12*c + 26 = i. Calculate the highest common factor of c and 130.
13
Suppose -612 = 25*g - 1836 - 726. Suppose -3*r - 4*l + 141 - 16 = 0, 0 = 4*r + 2*l - 160. Calculate the greatest common factor of g and r.
39
Let c(h) = -h**2 + h + 2. Let t be c(2). Suppose t = z - m + 6*m - 175, m - 605 = -4*z. Calculate the greatest common divisor of z and 60.
30
Suppose -3*l + 18 = w, 0 = -2*w - 47*l + 46*l + 31. Calculate the highest common factor of w and 195.
15
Suppose 4*m - 2*t - 789 - 49 = 0, -4 = -4*t. What is the highest common divisor of 90 and m?
30
Suppose 0 = -o - 2*o - 81. Let h = o + 12. Let b be h*32/(-12) + -4. What is the highest common factor of b and 54?
18
Suppose b + 4*f - 46 = 0, -29*b + 49 = -28*b + 5*f. Calculate the greatest common factor of b and 221.
17
Let x = 62 + -37. Let y(n) = n**3 - 7*n**2 - n + 19. Let k be y(8). What is the highest common factor of x and k?
25
Let u be (-11)/(3 + 30/(-9)). Suppose -4*m + 98 = 5*f, -5*m - 4*f = -u - 94. Calculate the greatest common factor of m and 3.
3
Suppose -3*q + 1 = 2*q - h, 4 = -q - 4*h. Suppose 7*k + 135 = 5*d + 2*k, -2*k = q. What is the highest common factor of 243 and d?
27
Let q be -1 + 0 + 15 + 0. Let r(x) = x + 9. Let i be r(-7). Suppose -16 = -i*c - 2. Calculate the highest common factor of q and c.
7
Let m be 0 - (3912/(-21) - (-2)/7). Suppose 11*d + m = 17*d. Calculate the greatest common factor of 62 and d.
31
Suppose 4*a - 2*b + 270 = 6*a, -3*a + 4*b = -412. Suppose 2*g = 3*g - 34. What is the greatest common factor of a and g?
34
Let d(a) = 3*a**2 + 6*a + 36. Let u be d(-6). What is the highest common factor of 189 and u?
27
Let o(s) be the first derivative of s**4/4 - 2*s**3 + 3*s**2/2 + 6*s - 2. Let j be o(6). Suppose 2*v - 48 = -v. What is the highest common factor of v and j?
8
Suppose -142 = -7*z - 128. Calculate the greatest common divisor of z and 54.
2
Let g = 336 - 281. Suppose -7 = -i + 3*y, -y = -i - 5*y - 14. Let b be -2*(-1 - i) - -13. Calculate the highest common factor of b and g.
11
Let o be -6 - (2 - (5 + -1)). Let j be (o*4)/(6/(-99)). Suppose -j = -3*h + 429. Calculate the greatest common divisor of h and 21.
21
Let g(r) = r**2 + 8*r + 15. Suppose 4*h = 2*s - 35 - 31, 0 = -5*h - 2*s - 60. Let t be g(h). Calculate the highest common factor of 11 and t.
11
Let y be ((-1468)/(-6))/((-46)/(-69)). Suppose 3 = v, -3*v + 8*v - y = -2*n. Calculate the greatest common factor of 22 and n.
22
Let b be (-3944)/(-164) + (-6)/123. Calculate the greatest common factor of b and 732.
12
Let u = 78 + -71. Let g(i) = 9*i. Let v be g(2). Suppose 94 = y - c + v, -c = 4*y - 309. Calculate the greatest common divisor of y and u.
7
Suppose 9*u - 10 - 8 = 0. What is the highest common divisor of 23 and u?
1
Suppose -25 = f + b, 2*b - 6*b + 44 = -2*f. Let y be (-1)/(-5) + f/(-5). Suppose l - y*l = -432. What is the greatest common factor of l and 12?
12
Suppose -28 = -3*z + 2*z + 3*n, 0 = 5*z - 3*n - 152. What is the highest common divisor of 31 and z?
31
Let n = -45 + 48. Suppose -n*m + 9*m - 528 = 0. What is the highest common divisor of m and 11?
11
Suppose 3*t = 3*a - 21, 2*t + 4*a = -11 - 21. Let f be 12/(-30) - (-16)/t. Let v be (-28)/(-7) - (f + 0). What is the highest common factor of v and 15?
3
Let x = -6 + 10. Suppose x*i + 3*p = 4*p + 138, -2*i + p = -70. Suppose 3*o + i - 622 = 0. What is the greatest common divisor of 28 and o?
28
Let w be ((-1)/2)/(2/(-8))*16. Calculate the greatest common factor of 40 and w.
8
Suppose -4*h - h - 1000 = 0. Let j = -110 - h. Suppose 0 = -7*k + 2*k + j. Calculate the highest common divisor of k and 144.
18
Let m = 13 + -11. Suppose 5 = m*j - 3. Suppose 12 = -4*d, -29 = j*q - 5*d - 136. What is the greatest common divisor of q and 23?
23
Let l(c) = -66*c + 96. Let h be l(-10). What is the highest common factor of 63 and h?
63
Suppose 3*o - 45 = -l, 29*l = 3*o + 31*l - 48. Calculate the greatest common divisor of o and 105.
7
Let v = 73 + -63. Let c be 146/10 + (-6)/v - 1. What is the highest common factor of 117 and c?
13
Let z be (-6)/15*(-1325)/10. Calculate the highest common divisor of z and 212.
53
Let n(d) = -d**2 + 8*d + 71. Let b be n(13). Let z = -64 - -130. Calculate the greatest common factor of b and z.
6
Let v be 12*(2 + -1) + 3*1. What is the greatest common factor of 50 and v?
5
Let k(w) = w**3 - 9*w**2 - 6*w + 65. Let t be k(9). Calculate the highest common divisor of 539 and t.
11
Let l be (((-192)/10)/3)/((-50)/125). Let t = -68 + 100. Calculate the greatest common divisor of l and t.
16
Let x be 4*(-172)/(-8) + (-4)/2. Calculate the highest common divisor of 9 and x.
3
Let b be -114*(-4)/8*(3 + 0). Calculate the greatest common divisor of b and 456.
57
Let j(o) = o**2 - 7*o + 6. Let n be j(4). Let f be (-274)/(-18) - n/(-27). Let i be ((-75)/(-4))/(1/4). Calculate the highest common factor of i and f.
15
Let h(m) = 8*m + 10. Let w be h(-4). Let b = w + 34. What is the highest common divisor of 30 and b?
6
Let t(h) = 16*h - 13*h**2 - h**3 - h - 2 - 2 - 47*h. Let g be t(-10). What is the highest common factor of 88 and g?
8
Suppose 6*n = 2*n + 12. Suppose n*b = 5*j - 50, -3*j = -4*j + 3*b + 22. What is the highest common divisor of j and 49?
7
Let z(l) = -2*l**2 - 8*l + 7. Let u be z(-4). Suppose 28 = 6*o - 5*o. What is the greatest common divisor of o and u?
7
Let d = -11 + 22. Let p = 272 + -173. What 